Suppose -3 + o = 3*k. What is the units digit of k?
4
Let o(l) = -l**3 + 0*l**3 - 3 + 4*l - 4*l**2 - 1. What is the units digit of o(-5)?
1
What is the hundreds digit of (27/(-1) + 0)/(13/(-169))?
3
Let z be 1*(-4 + 3 - -4). Suppose 0*v + 6 = z*v. What is the units digit of v?
2
Let i be (2 + 1)/(3/4). Let j = -7 + i. What is the units digit of (2*j)/3 + 3?
1
Suppose -5*c + 3*b = -17, -3*b = -c - 3*c + 13. What is the units digit of (-2)/c*(-2 - 40)?
1
Suppose -3*l = -3*m - 75 - 159, 402 = 5*l + m. What is the tens digit of l?
8
Let d be 0 + 2 - 1 - -2. Let t = 7 - 2. Suppose -d*a = -3*k - 27, 3*k - 12 = -t*a + 9. What is the units digit of a?
6
Suppose -9 = -4*v - 1. Let h = 6 - v. Suppose -6 = y - h*y. What is the units digit of y?
2
Suppose -185 = -7*q + 2*q + 2*f, 5*q = f + 180. Let l be ((-18)/1)/(3/4). Let g = l + q. What is the units digit of g?
1
Suppose 4*v - 6*v = -o + 52, -5*v = 5*o - 335. What is the tens digit of o?
6
Let s be (4/2 - 0) + -9. Let k = -6 - s. What is the units digit of k?
1
Suppose -4*l = -8*l + 132. Suppose p = -2*p + l. What is the units digit of p?
1
Let f be (2/(-2))/((-3)/9). Suppose -f*b + 18 = 15. What is the units digit of b?
1
Suppose -3*g + 441 = -5*h, 6*g - g - 4*h = 748. What is the hundreds digit of g?
1
Let g be 2/5 + (-56)/(-10). Suppose 0 = c + 4*c - 60. Let i = c - g. What is the units digit of i?
6
Suppose 0 = 6*u + 2*u - 848. What is the hundreds digit of u?
1
Let q = -9 - -8. Let x = 3 + q. Suppose -2*u + 51 = u - x*d, -69 = -5*u - 2*d. What is the units digit of u?
5
Suppose l = -4 + 14. Suppose 5*q - l = 0, -4 = -2*d - q + 58. What is the units digit of d?
0
Let z(v) be the second derivative of v**3/3 + v**2 - 5*v. Let t be (-1)/(-2) - (-3)/2. What is the units digit of z(t)?
6
What is the hundreds digit of (0 - (-2)/4)/(3/726)?
1
Suppose -2*m + 4 = 0, 5*m - 6 - 12 = -4*n. Let a = n + 2. Suppose -a*b - 19 = -59. What is the tens digit of b?
1
Let c be (1 + 0)/(2/6). Suppose 5*j = -c*n + 48, -3*n - n + 4*j = -64. What is the units digit of n?
6
Let z = 27 + -2. What is the tens digit of z?
2
Let z = 79 - 45. What is the tens digit of z?
3
Suppose 3 + 1 = 4*f, 0 = 4*g + 3*f - 15. Let a = g + -5. Let t = a + 3. What is the units digit of t?
1
Let w = -66 - -78. What is the tens digit of w?
1
Let n(v) = -v**2 - 11*v - 13. Let w(s) = -s**2 + 7*s + 2. Let r be w(8). What is the tens digit of n(r)?
1
Let x(r) = -r**3 - r**2 + 5. Let c be x(0). Suppose -10 = -s + c*p, -2*p = 4*s - 4*p - 40. What is the tens digit of s?
1
Let b = 96 + -29. What is the units digit of b?
7
Suppose c + 6 = 3*c. Let t = 0 - c. Let u(i) = i**2 - i + 3. What is the units digit of u(t)?
5
Let d(f) = -2*f - 2. Let g be (-35)/14*(-12)/(-10). Let z be d(g). Suppose 0*u = -z*u + 88. What is the units digit of u?
2
Suppose -2*f + 82 = -2*n, -3*n + 149 = 4*f - 1. What is the tens digit of f?
3
Suppose -4*c - 12 + 64 = 0. Let x = 2 - 0. Suppose -5*a = 4*h - c, x*h - 2*a = -a + 3. What is the units digit of h?
2
Let w(g) = -g - 1. Let r(y) = -y**2 - 9*y - 9. Let u(x) = -r(x) + 4*w(x). What is the units digit of u(-6)?
1
Let o = 108 + -43. What is the tens digit of o?
6
Let y(u) = -12*u**2 + 2*u + 1. Let z be y(-1). What is the units digit of z/(-26) + 146/4?
7
Suppose 2*l = -l. Let t = l - -2. Suppose -r - t + 7 = 0. What is the units digit of r?
5
Suppose -3 = 3*g, -308 = -4*u + g + 3*g. What is the tens digit of u?
7
Let a be (-192)/(-30) - (-2)/(-5). Suppose -3*b = 2*y + 11, -3*y + 4*b + 14 = -a*y. What is the units digit of y?
2
Let c = -120 - -177. What is the tens digit of c?
5
Let n(l) = -2*l**2 + 3. Let c be n(-3). Let y = c + 39. What is the units digit of y?
4
Let k be 33 - (3/(-1))/(-3). Suppose -5*o = -3*y - k, 3*y - 2 = -4*o + 2. Suppose o*r = -d, 10 = 2*d - 0*r + 3*r. What is the units digit of d?
8
Let w be 99/(-4) + (-2)/8. What is the units digit of 6/27 + w/(-9)?
3
Let z(l) = l**2 + 4*l - 7. Let m be z(-6). Let s(r) = r - 3. What is the units digit of s(m)?
2
Let g(j) = 57*j - 63. What is the hundreds digit of g(6)?
2
Let j(q) = q**3 + 95. Let y be j(0). Suppose 0 = 5*z + 5*m - y, -5*z + 0*z + 99 = 3*m. What is the tens digit of z?
2
Suppose 2*i - 4*i + 8 = 0. Let h = -2 + i. What is the units digit of h?
2
Let j = 1 + 1. Suppose 0 = 2*m - t + 9, -4*t = j*m - 2*t. Let f = 11 + m. What is the units digit of f?
8
Let t(p) = 25*p + 3. What is the tens digit of t(2)?
5
Let q(c) = c**3 + 11*c**2 - 5*c - 14. What is the hundreds digit of q(-6)?
1
Suppose -62 = -2*q - 0*q. What is the units digit of q?
1
Let f(u) = 3*u**3 - 12*u**2 - 2*u - 10. Let p(g) = 13*g**3 - 49*g**2 - 8*g - 39. Let l(y) = -9*f(y) + 2*p(y). What is the tens digit of l(10)?
3
Let z = 16 + 73. What is the units digit of z?
9
Suppose 4*f - 6 = 5*s + 1, -4*f - 2 = -2*s. What is the tens digit of 1/(f + 82/40)?
2
Let h be (-2 + -16)/((-3)/4). Let q = 10 + -23. Let c = q + h. What is the units digit of c?
1
Let o(d) = -d**2 - d + 3. Let v be o(0). Suppose 11 = -0*s + 3*s + 2*i, 2*s - v*i = -10. Suppose -4*q - s = -29. What is the units digit of q?
7
Let y be ((-10)/4)/((-10)/20). What is the units digit of (-24)/y*60/(-9)?
2
Suppose o - 4*o = 0. Let j(w) = o + 5*w**3 - 4*w**3 + 13 + w**2. What is the units digit of j(0)?
3
Let v(c) = -c**2. Let n(s) = 5*s**2 + 6*s + 2. Let p = -2 - -1. Let o(x) = p*n(x) - 4*v(x). What is the units digit of o(-5)?
3
Let b(q) = -109*q**3 - q**2 - 2*q - 1. What is the tens digit of b(-1)?
0
Suppose -4*v + 24 = -v. Suppose 3*f = -10 + 1. Let g = v + f. What is the units digit of g?
5
Let q(a) be the first derivative of a**4/4 - 10*a**3/3 + 9*a**2/2 - 12*a - 2. Let p be q(9). What is the tens digit of 4/((p/21)/(-2))?
1
What is the units digit of 5/(-20) - 481/(-4)?
0
Let b = -2 + 0. Let w(p) = 14*p - 1. Let c(u) = 1. Let m(h) = b*c(h) - w(h). What is the tens digit of m(-1)?
1
Suppose 0 = 4*g - g + 2*h - 310, -5*g = -4*h - 524. What is the units digit of g?
4
Let s(q) = -3*q**3 - 2*q**2 + q - 1. What is the units digit of s(-2)?
3
Let j = 1 - -31. What is the units digit of j?
2
Let g(k) = k**3 - 5*k**2 + 3*k + 5. Let b(a) = -6 + 0*a + 4*a - a + a**2. Let q be b(-5). What is the units digit of g(q)?
1
Let f(j) = 2*j - 11. Let c(i) = 8*i - 43. Let p(g) = -2*c(g) + 9*f(g). Let s be p(13). Suppose s = -4*o + 89. What is the tens digit of o?
1
Suppose -4*m + 11 - 3 = o, -4*o - 6 = -3*m. Let b be m/(-6) - 34/(-3). Suppose -4*n + 5*n - b = 0. What is the units digit of n?
1
Let l(i) = i**3 - 24*i**2 - 24*i - 4. What is the units digit of l(25)?
1
Let n(v) = -v**3 - 7*v**2 + 7*v - 10. Suppose 0 = o + o + 16. Let w be n(o). Let y = w - -3. What is the units digit of y?
1
Let z(l) = -l - 2. Let c be z(-6). Let y be 0 + -1 + 8 + c. Let a = 19 - y. What is the units digit of a?
8
Let n(m) = -m**2 - m + 30. Let t(r) = r + 2. Let y be t(-2). Let o be n(y). Suppose 4*k + b - o = 4*b, 2*b = -4. What is the units digit of k?
6
Let i = -18 + 33. Let y = i - 48. Let u = -14 - y. What is the units digit of u?
9
Let i(v) = 9*v**2 - 4*v - 1. What is the units digit of i(2)?
7
Suppose -b = 2*b - 6. Let s be (1 + b/(-4))*2. Let u = 4 - s. What is the units digit of u?
3
Suppose f = 4*f - 93. What is the units digit of f?
1
Let l(h) = -h**2 - h + 20. What is the units digit of l(0)?
0
What is the tens digit of 22/(-1*(-4)/8)?
4
Suppose 0 = 4*d - 9*d + 15. What is the tens digit of d - 4 - (2 - 52)?
4
What is the hundreds digit of (56/(-6))/7*-153?
2
Let h(q) = -q**3 + 14*q**2 - q + 6. What is the tens digit of h(13)?
6
Let f(t) = t**3 + 7*t**2 - t - 4. Let y be f(-7). Suppose -5 = -y*a - 2, 2*j - 13 = 3*a. What is the units digit of 15/(4/(j/3))?
0
Let k(v) be the first derivative of 17*v**2/2 + 3*v + 3. What is the tens digit of k(1)?
2
Let t = -71 + 42. Let f = -15 - t. What is the tens digit of f?
1
Let i(n) = 6*n**2 + n + 4. Let x be (-4)/3 + 36/(-54). What is the tens digit of i(x)?
2
Suppose -4*f = -2*o - 3*f + 588, o - 5*f - 312 = 0. What is the hundreds digit of o?
2
Suppose -2*c - 16 - 26 = 0. What is the units digit of c/((-3)/1) + -2?
5
Let k be (-2 + 2)/(-1*3). Suppose k*d - d = -18. Suppose r = 3*r - d. What is the units digit of r?
9
Suppose -2*p - 9 = -b, 6*p + 5*b = 2*p - 25. Let d(y) = 2*y**2 + 4*y - 6. What is the tens digit of 